6)) - -35 is divided by k.
15
Suppose -2*f + f - q = -6, 5*f + 4*q = 32. Calculate the remainder when f is divided by 3.
2
Suppose -2*b = b - 9. Suppose -b*i + 13 = v, 5*i + 5*v + 13 - 48 = 0. What is the remainder when i is divided by 1?
0
Let r = -8 - -13. Suppose -r*y + 181 = 3*h, -4*h = -2*y - y + 97. What is the remainder when y is divided by 13?
9
Let o be 3 + 39/((-1)/1). Let t = 7 + o. Let z = t + 41. What is the remainder when 33 is divided by z?
9
What is the remainder when 4/(-12) - 650/(-15) is divided by 11?
10
Let g(d) = -d**3 + d**2 + 3*d + 2. Calculate the remainder when 20 is divided by g(-2).
4
Let o(v) = -2*v**2 + 37*v + 8. What is the remainder when 128 is divided by o(18)?
24
Suppose 2*b - 8 = 2, 4*n - 2*b = 26. Let u = 0 - -2. Suppose -u*w + 6*w - 104 = 0. Calculate the remainder when w is divided by n.
8
Suppose 0 = 7*s - 2*s - 20. What is the remainder when (-4)/(-2)*11/2 is divided by s?
3
Suppose -2*m + 0*m = -168. Let a = m + -55. Calculate the remainder when a is divided by (-84)/(-8) + (-2)/4.
9
Let c(s) = -4*s - 12. Let m(g) = -3*g - 11. Let l(u) = 4*c(u) - 5*m(u). Let q(h) = h**3 - 3*h**2 + 3*h - 4. What is the remainder when q(4) is divided by l(-6)?
11
Let f(r) = r**2 + r - 1. Let m be f(1). Suppose -2*i + 5 = -m. Suppose -i*v - 17 = -68. What is the remainder when 50 is divided by v?
16
What is the remainder when 136 + (4 - (7 - 3)) - -3 is divided by 28?
27
Let d = 111 - 60. Let r(k) = k**3 - 3*k**2 + 4*k + 1. Calculate the remainder when d is divided by r(3).
12
Let z = 76 + -43. What is the remainder when z is divided by 7?
5
Let b(o) = o + 2. Let w = -13 - -9. Let y be b(w). Calculate the remainder when 18 is divided by 2 - -9 - (y + 3).
8
Let f = 11 - 8. Suppose 4*i + 0*i = 5*w - 173, 0 = 2*i + f*w + 59. Calculate the remainder when 3/(-9) + i/(-3) is divided by 7.
5
Suppose 0*m + 135 = 3*m. What is the remainder when 2/9 - (-980)/m is divided by 3 + (-3 + 7 - -1)?
6
Let m(l) = -l**3 + 2*l**2 - l + 26. What is the remainder when 102 is divided by m(0)?
24
Let g = 56 - 33. Let j = 250 - 184. What is the remainder when j is divided by g?
20
Let h = -36 + 67. Suppose 0 = -6*t + h + 59. Calculate the remainder when 29 is divided by t.
14
Let b = 11 + -7. Let k(v) = v**3 + 8*v**2 - 2*v - 14. Calculate the remainder when b is divided by k(-8).
0
Let p(k) = -2*k - 7. Calculate the remainder when p(-18) is divided by 8.
5
Let b be ((-1)/(-2))/((-2)/(-104)). Suppose -2*q + 5*k = -35, -5*k = -3*q + 24 + b. What is the remainder when 44 is divided by q?
14
Let q = -13 + 77. Calculate the remainder when q is divided by 20.
4
Let n = 8 - -8. Let m be -3*(2/(-2) + 0). Let o(x) = x**3 + x**2 - 2*x + 1. Calculate the remainder when o(m) is divided by n.
15
Let r(h) = -h**3 - 12*h**2 - 16*h - 14. Let s be r(-10). Let j = s + 77. What is the remainder when 90 is divided by j?
21
Let j(p) = -p**2 + 9*p + 11. Suppose 2*y + 3*y = 50. Let q(c) = -c**2 - 4*c - 2. Calculate the remainder when q(-3) is divided by j(y).
0
Let x = 25 + 59. Calculate the remainder when x is divided by 29.
26
What is the remainder when 18/2*4/4 is divided by ((-12)/(-4))/6*10?
4
Let t be (0 + 7)/((-1)/4). Let v(p) = 11*p**2 - p + 1. Let f be v(-2). Let q = f + t. What is the remainder when 56 is divided by q?
18
Calculate the remainder when (-90)/5*8/(-6) is divided by 9.
6
Suppose 2*x = 8 + 4. What is the remainder when 58 is divided by x?
4
Let s = 12 - 6. Let d = 49 - 45. What is the remainder when s is divided by d?
2
Let h = -1 + 7. Let b(i) = 2*i**2 - 9*i + 1. Calculate the remainder when b(h) is divided by 7.
5
Suppose 7*a - 3*a + 202 = 3*k, 5*a - 166 = -3*k. Calculate the remainder when k is divided by 22.
18
Let q be 57/11 - (-14)/(-77). Suppose q*o = -2*y - y + 32, -16 = y - 5*o. Calculate the remainder when y is divided by 2.
0
Let p be 2/(-14) - 536/(-28). Suppose 0 = 3*r - x - 28, 5*r - x - 31 = p. Calculate the remainder when 20 is divided by r.
9
Let t(s) = -s**3 + 5*s**2 - 4*s + 4. Let v be t(4). Suppose 4*d - 43 = -3*i - 15, -v*i + 46 = d. Calculate the remainder when 94*(-1)/(-5 - -3) is divided by i.
11
Suppose 3*h - 39 = 6. Suppose 7*n - h = 2*n. What is the remainder when 5 is divided by n?
2
Let s = -6 + 5. Let m(l) = -17*l**3 - l - 1. Suppose 2*n - 81 = -3*c, -4*c - 10 = -n + 3. Calculate the remainder when n is divided by m(s).
16
Calculate the remainder when (-65 + -3)/(2/(-3)) is divided by 26.
24
Let l(j) = 4 - j + 4*j + 3*j**2 + 4*j - 4*j**2. Calculate the remainder when l(7) is divided by 3.
1
Let h(f) be the first derivative of -3*f**2 + f - 7. What is the remainder when 49 is divided by h(-2)?
10
Suppose 2*w + y - 3 = 0, 0*y - 18 = -2*w + 4*y. Let g = -61 + 64. What is the remainder when g is divided by w?
0
Suppose 4*g - 58 = -2*z, 0*g - 48 = -3*g + 3*z. Suppose 3*t - 64 = -4*h, -5*t + 3*h = 6*h - 125. What is the remainder when t is divided by g?
13
Suppose 0 = -3*o - 0*o + 15. Suppose -5*t = 3*j - 2*j - 31, -2*j + 32 = o*t. Calculate the remainder when 10 is divided by t.
4
Let r be (-2)/9 - (-94)/18. Let f(b) = 3*b + 2. Let y be f(r). Suppose 0 = 3*a - 77 + y. Calculate the remainder when a is divided by 11.
9
Suppose 4*z - 16 = 0, -4*r + 2*z + 56 = -2*z. What is the remainder when r is divided by 10?
8
Let b(m) = -m + 4. Let c(t) = -t. Let x(z) = b(z) + c(z). What is the remainder when 19 is divided by x(-3)?
9
Suppose 2*h = h + 6. Calculate the remainder when 22 is divided by h.
4
Let h(q) = 3*q**2 - q - 1. Let n be h(-1). Let j = -7 - n. What is the remainder when 16 is divided by 1*(-12)/j*5?
4
Suppose -m - m = -18. Let k be 1/(1/(-2))*4. Let d(x) = x**2 + 5*x - 8. What is the remainder when d(k) is divided by m?
7
Suppose 5*z - 5*v - 505 = 0, v - 305 = -3*z + 2*v. What is the remainder when z is divided by 26?
24
Let k be (6/(-4))/((-6)/16). Suppose -16 = -p + 3*c - 0*c, -p = k*c + 5. Suppose -2 - p = -3*h + z, -2*z + 2 = -h. What is the remainder when 6 is divided by h?
2
Suppose 1 = 2*j - 31. Calculate the remainder when j is divided by 6.
4
Let j(d) = 3*d - 1. Let s be j(1). Suppose 56 = 4*h - g, -s*h = h - 3*g - 51. What is the remainder when 24 is divided by h?
11
Let b(q) = -q**3 - 3*q**2 - 7*q - 6. Let y = -4 + 0. Let x be b(y). Suppose x = 5*h - 107. What is the remainder when h is divided by 10?
9
Let v(b) = b - 5. Let j be 2/3 + 28/3. Let k be v(j). Suppose 0*x = k*x - 55. What is the remainder when 41 is divided by x?
8
Let b = -23 - -50. Let t = 8 - -2. What is the remainder when b is divided by t?
7
Let u be ((-56)/(-10))/(4/(-20)). Let t = u - -47. Let q = t - 12. Calculate the remainder when q is divided by 4.
3
Let l(p) = 4*p + 3. Let z(a) = -7*a - 1. Let b be z(-1). Suppose 4*o = b*o - 74. Calculate the remainder when o is divided by l(4).
18
Suppose a = 28 - 19. Suppose -5*r + 18 = 4*m - 107, 25 = r - 4*m. What is the remainder when r is divided by a?
7
Let a(u) = 3 + 5*u**2 + 1 - 2 - u**3 + 6*u - 4. What is the remainder when a(4) is divided by 13?
12
Let h(u) = 2*u + 13 + 5 - 3 - 3*u. Calculate the remainder when 8 is divided by h(11).
0
Let o(d) = d + 1. Let q(f) = -f**3 + 9*f**2 - 7*f - 3. Let g be q(8). What is the remainder when o(g) is divided by 2?
0
Let p(x) = x**2 + 3*x - 7. Let z be p(-5). Suppose 2*r - 5 = -z*r. Let c(q) = -q - 4. What is the remainder when c(-5) is divided by r?
0
Suppose -3*l = 15 - 39. Suppose 3*m = 2*m - l. Let z = m - -15. Calculate the remainder when z is divided by 3.
1
Let r(h) = h**2 - 4. Let b be r(-2). Suppose 3*d - d - 76 = b. What is the remainder when d is divided by 10?
8
What is the remainder when 13 is divided by 40/6 - 3/(-9)?
6
Let j(o) = -2*o**2 + 32*o - 6. Calculate the remainder when j(13) is divided by 37.
35
Let k(n) = 6*n**3 + 5*n**2 - 3*n - 4. Let b be k(3). Suppose -5*q = -b + 54. What is the remainder when 20 is divided by (49/q)/(1/4)?
6
Suppose 7*q = 2*q + 85. What is the remainder when 32 is divided by q?
15
Let w be 2840/(-6)*24/(-20). Suppose 0 = -0*q + 4*q - w. Suppose q = 4*h - m, -4*m = -2*h - 2*h + 148. Calculate the remainder when h is divided by 12.
11
Suppose 3*j = 6*s - s + 455, 628 = 4*j + 4*s. What is the remainder when j is divided by 53?
49
Suppose -3*d + v - 2*v + 65 = 0, -5*v + 105 = 5*d. Let z(s) = 4*s - 6. Let j